sor of q and 32?
32
Let d(y) = 10 + 19 + 19 - 14 - 19*y. Let p be d(-14). Suppose 0*q + q = 30. Calculate the greatest common divisor of q and p.
30
Let k = -6 - -9. Suppose -k*z + 1948 = 463. Let o = 224775 - 224720. Calculate the greatest common factor of o and z.
55
Suppose -2712 = -170*p - 353 + 701. Suppose j - 2*x = 227, -4*j + 659 = -x - 242. What is the greatest common factor of p and j?
9
Let s be -2329*(3 - (4 + 0))/1. Suppose 2*y - s = 3*c - 569, 2640 = 3*y - c. Calculate the highest common divisor of y and 20.
20
Suppose 5*w + 336 = -2*w. Let d = 162 - w. What is the greatest common divisor of d and 60?
30
Let s(n) = n**2 + 18*n + 137. Let u be s(26). Let k = u - 711. What is the greatest common divisor of k and 19?
19
Let p = -575 - -593. Let n(m) = m**3 - 16*m**2 - 13*m - 74. Let r be n(p). What is the highest common factor of r and 255?
85
Let g(j) = -6*j - 96. Let k be g(-14). Let v be k*(100/(-15) + 4). What is the greatest common divisor of 352 and v?
32
Let o be (17/(476/(-16)))/(6/(-1302)). What is the greatest common divisor of o and 5084?
124
Suppose -2*t + 9 = -175. Let d(a) = a**2 - 169*a - 5470. Let z be d(-28). What is the highest common divisor of t and z?
46
Let s = -4214 - -4316. What is the highest common factor of s and 3621?
51
Suppose 2*u = 4*u - 4, -186 = -4*d + 3*u. Let y be (2055/548)/(1 + (-46)/d). Calculate the highest common factor of y and 63.
9
Let f be 8/60*(-2415)/(-7). Calculate the greatest common factor of 4255 and f.
23
Let v(s) be the first derivative of -3*s**2 - 17/4*s**4 - 5*s + 0*s**3 + 15. Let z be v(-1). Calculate the highest common divisor of z and 27.
9
Suppose -2*x - 2*x + 728 = 5*c, 5*x - 968 = c. Calculate the highest common factor of x and 1632.
96
Let u(x) = x**3 - x**2 + x - 4. Let a be u(4). Let s = a + 17. What is the highest common factor of 10 and s?
5
Let g(z) = 14*z - 61. Let f be g(-6). Let o = -53 - f. Let u(d) = -d**2 + 11*d + 16. Let q be u(12). What is the highest common factor of q and o?
4
Let v be (1 + -2 - -2)*(14 + -7). Suppose 2*p + 5525 = v*p. Calculate the highest common divisor of 17 and p.
17
Let u(v) = 7*v**3 + 2*v - 3. Let l = 92 + -90. Let y be u(l). Calculate the greatest common factor of y and 76.
19
Suppose 19*k + 440 = 24*k. Let q = k + -63. Let p be (q - (-5 - -2))*1. Calculate the greatest common divisor of 42 and p.
14
Let m be 21*((-84)/(-9) - 5). Let r be 0 + -2 + (-5)/(-1) - -101. What is the greatest common divisor of m and r?
13
Let c be 1*(2/15 - 178825/(-375)). Suppose 2*d + d - 5*i - 336 = 0, 4*d = -3*i + c. What is the greatest common divisor of d and 18?
9
Let d be (105/8)/(60/320). Calculate the highest common divisor of 30 and d.
10
Suppose 3*m + 3*a = 999, -122 - 205 = -m + 5*a. Calculate the greatest common factor of m and 415.
83
Let n be 1728/1296 - (1 - -7)*14/(-6). Suppose 3*x - 6*x + 15 = -4*f, -x = 5*f - 5. Calculate the greatest common divisor of n and x.
5
Suppose 962 = 7*g + 689. Suppose -4*y = -5*y + 3. What is the greatest common factor of y and g?
3
Let h = 17 + 19. Suppose 47*f = 35*f + 4128. Let y = f + -272. What is the highest common divisor of h and y?
36
Let r(x) = -x**3 - 8*x**2 + 5*x + 18. Let j be r(-9). Suppose 124*i - 6030 = 57*i. Calculate the highest common divisor of i and j.
18
Let g be (-11)/6 - -2 - (-3)/(-18). Suppose 423 = 4*v + i - 0*i, g = -5*v - 2*i + 531. Calculate the greatest common factor of 120 and v.
15
Let z(m) = -m**3 + 86*m**2 + 9*m - 522. Let q be z(86). What is the greatest common factor of 483 and q?
21
Suppose 6*j = -5*u + 7, -3*j + 3 = -5*u - 8. What is the highest common factor of 98 and j?
2
Let c be 3/(7/(-4) + 1) + 5. Let b = -11 - -16. Suppose -2*t = 5*p - 39, 0*p = -3*p + b*t + 42. What is the greatest common factor of p and c?
1
Suppose -5*n = -5*p + 75, -49 = -5*p + 2*n + 38. Suppose -10*l + 9*l = -p. Let o = 25 - l. Calculate the greatest common divisor of 66 and o.
6
Let m(n) = 2*n**3 - 7*n**2 + 3*n + 2. Let o be m(3). Let p be (32 - 0) + (5 - 5). Let b = 48 - p. What is the greatest common factor of b and o?
2
Let f(i) = -2*i**2 + 63*i + 548. Let p be f(-7). What is the greatest common factor of p and 207?
9
Let t = 369 + -374. Let s be 156/72*-15*8/t. Calculate the highest common divisor of 52 and s.
52
Suppose 2*v - 5*f - 191 = 0, 5*f + 116 = 5*v - 339. What is the greatest common factor of v and 7172?
44
Let f(d) = d**2 + 5*d - 7. Let o = -5 + -2. Let u be f(o). Suppose 27 = 3*q - 3*r, -11*r = 5*q - 13*r - 39. Calculate the highest common divisor of u and q.
7
Let n(v) = -v**3 - 7*v**2 - 13*v - 7. Suppose 0 = 7*l - 11*l + 84. Let t = l - 26. Let a be n(t). Calculate the highest common factor of a and 72.
8
Suppose -2*u - 3*l + 44 = 0, 4*u + 3*l = -52 + 146. Calculate the highest common divisor of 3 and u.
1
Suppose 0 = 4*t + 3*w - 433, -3*t - 2*w = -2*t - 102. Let o(c) = -c + 29. Let s be o(-8). Let a = s - 9. Calculate the highest common divisor of t and a.
28
Suppose 177174 = -49*u + 102*u - 2*u. What is the highest common divisor of 18 and u?
18
Suppose 68*w - d = 73*w - 1745, -w - 5*d = -373. Calculate the highest common divisor of w and 87.
87
Suppose -45369*i - 128 = -45514*i - 16 + 323. Let d(g) = -27*g - 3. Let u be d(-2). Calculate the greatest common divisor of u and i.
3
Let r be (-2775)/(-21) - 162/(-189). What is the greatest common divisor of 5662 and r?
19
Let c = -2782 + 3020. Suppose 0 = 2*t - 34. What is the greatest common divisor of c and t?
17
Let f be ((-3)/(-5))/(2/20). Let a be (-428)/(-10) + (-4)/(-20) - 3. Suppose f*b - a = b. Calculate the greatest common divisor of 20 and b.
4
Let f = 2793 - 2730. What is the greatest common divisor of f and 49?
7
Suppose 954*o = 968*o - 1554. What is the greatest common divisor of o and 5439?
111
Let l = -133 - -82. Let n be 4 - ((2 - 4) + 37). Let m = n - l. Calculate the highest common factor of m and 60.
20
Let m = 88 - 137. Let u = m + 55. Let z = u + 24. Calculate the greatest common factor of z and 75.
15
Suppose -3*a - 90*z = -91*z - 783, 765 = 3*a + 5*z. Let o(s) = 9*s - 3. Let k be o(-3). Let w = k - -82. What is the greatest common divisor of w and a?
52
Let y be (((-3584)/(-384))/((-1)/(-3)))/((-4)/(-6)). Suppose 3*c - 2*c - 5*r = 44, -3*c + 3*r = -84. Calculate the highest common factor of c and y.
6
Suppose -3*g = -5*n + 1065, 2*n - 6*n = -4*g - 1420. Let c = g - -374. Calculate the greatest common factor of c and 589.
19
Let d = 47549 + -32061. Calculate the greatest common divisor of 242 and d.
242
Let a = 10155 - 10120. Suppose -l + 25 = -t, 0 = 5*l - 2*t - 106 - 4. Calculate the greatest common factor of a and l.
5
Let p be (-27987)/(-95)*5 + -3. Calculate the greatest common factor of p and 1372.
98
Suppose -5*x = -4*w - 25, 9*w = 11*w - 10. Let s = 3 + 0. Suppose 3*t - 3 = -3*i, t - s*i = 2*i + 13. What is the greatest common divisor of t and x?
3
Let o be ((-611)/47 - 87/(-6))/((-2)/(-1688)). Calculate the greatest common factor of 6 and o.
6
Let n(a) = -77*a**3 + 12*a**2 + 21*a - 30. Let f be n(-4). Calculate the greatest common divisor of 2 and f.
2
Suppose -2*p = 4*s - 26, -3*p + 0*s = -3*s - 12. What is the highest common divisor of p and 1841?
7
Suppose 2*h = -8, 34 = -3*n + 3*h + 28. Let q be 18/n + 15 - (8 + -3). Suppose 26 = 4*o - 114. Calculate the highest common factor of q and o.
7
Suppose 46*i = 7448 - 640. Let q be 1 + -2 + (-15)/(-20)*i. Calculate the greatest common divisor of q and 30.
10
Suppose 4572 - 4203 = 9*b. What is the highest common divisor of b and 369?
41
Suppose 4942 - 944 = 10*q - 2562. Calculate the highest common factor of q and 112.
16
Suppose 369*l = 123*l + 1734300. What is the greatest common factor of l and 6?
6
Let m be 644*(-11)/(352/(-112)). Calculate the greatest common factor of 138 and m.
46
Suppose -9*w + 6*w - 3915 = -3*z, -3*w + 2595 = 2*z. Suppose -3*p = -4*t - 5*p + 5184, -p - z = -t. Calculate the greatest common factor of t and 22.
22
Let u = 11 - 11. Suppose -2*y - 1 + 9 = u. Let q be -3 + (y - -2) + -2. What is the greatest common factor of q and 1?
1
Let g(t) = -16*t. Suppose -2*m - 38 = 5*x, -2*x + 8 = -6*x + 4*m. Let a be (2/x)/(4/24). Let q be g(a). Calculate the highest common divisor of 96 and q.
32
Suppose 0 = 38*r - 34*r - 84. Suppos